factor of s and t?
6
Let l(j) = -31*j**3 - 2*j**2 + 2*j + 4. Let m be (-105)/60 + 2/(-8). Let w be l(m). Calculate the greatest common divisor of w and 32.
16
Suppose 215 = 5*r - 2250*h + 2255*h, 6 = 3*h. Calculate the greatest common factor of r and 8651.
41
Suppose 14*y - 2474 = 239 + 2103. Suppose 27 = r - 3*v - v, 0 = 4*r - v - 168. Suppose 18*p - 19*p + r = 0. Calculate the greatest common divisor of p and y.
43
Let l(x) = 2*x + 20. Let d be l(-8). Let t be 2 + 1*(d/1 + 3). Let y be (246/(-9))/((-6)/t)*5. What is the greatest common divisor of y and 82?
41
Let l be ((-189)/(-27))/((-19)/(-190)). What is the greatest common divisor of 5516 and l?
14
Let c = 17979 + -15864. Calculate the highest common divisor of 165 and c.
15
Let d = -995 + 2665. Suppose -14*g = 410 - d. Calculate the highest common factor of 315 and g.
45
Suppose 0 = -123*q + 329*q - 2191428. Calculate the greatest common divisor of q and 108.
54
Let y be (-8476)/(-13) + -6 + (6 - 1). Calculate the greatest common factor of 1023 and y.
93
Suppose 3*r - 4*f - 10 - 2 = 0, 0 = 4*r + 5*f - 16. Let q be r + (42 - -5) + -6. What is the greatest common divisor of q and 315?
45
Suppose 5*u + 654 = c, 0 = -114*u + 110*u. Calculate the highest common divisor of c and 12.
6
Let r(z) = 2*z**2 - 7*z - 19. Suppose -4*g - 16 - 4 = 0, 5*g = m - 22. Let b be r(m). Calculate the highest common divisor of b and 180.
20
Let m be 168/(-70)*(-3)/(18/40). Let c(g) = g - 14. Let o be c(m). Suppose 5*u - o*u = 480. Calculate the greatest common factor of 10 and u.
10
Suppose -7360 = -8680*y + 8664*y. Calculate the greatest common factor of 575 and y.
115
Let b be (-15)/(3630/(-2453374)) + (-2)/(-22) + 0. What is the greatest common divisor of b and 148?
74
Let x = 21438 + -21420. Let b(n) = -2*n**3 - n**2 - 2*n + 3. Let y be b(-3). Calculate the highest common factor of x and y.
18
Let l = 258 - -317. Calculate the greatest common divisor of l and 325.
25
Let j be 28/49*(-28)/(-8). Let x(k) = 46*k**3 - 2*k**2 - k + 2. Let r be x(j). What is the highest common divisor of 40 and r?
40
Suppose 4*p - 42 = -25*a + 22*a, 4*a = -4*p + 52. What is the greatest common factor of 1945 and a?
5
Let v(a) = -a**2 + 67*a - 457. Let u be v(48). Calculate the highest common factor of u and 715.
65
Suppose -5*k - 5*h - 1255 = 0, -5*k - h - 506 = -3*k. Let a = -85 - -81. Let p be k/a - 12/16. Calculate the greatest common divisor of 42 and p.
21
Suppose 22563*k - 22571*k = -3128. What is the highest common divisor of 23 and k?
23
Suppose 733*w = -724*w + 1466*w - 765. What is the greatest common factor of 289 and w?
17
Let y = 203 - 201. Let m be 155 + 1 + -2 + y. Calculate the greatest common divisor of m and 26.
26
Let g(n) = 30*n - 1179. Let h be g(49). What is the greatest common divisor of h and 6?
3
Let x = -234 - -210. Let t = x + 52. Calculate the greatest common factor of t and 868.
28
Let a be ((-26)/(-4) - 4)/(7/14). What is the greatest common factor of a and 10?
5
Suppose 198 = k + 79. Let i be 3/7 - 289/k. Let q be (20 + -5)/(-1 - i). Calculate the highest common factor of q and 20.
5
Let m be (14/420*-10)/((-2)/2538). Calculate the greatest common factor of 3 and m.
3
Let f(m) = 98*m**2 + 21*m + 40. Let z be f(-4). Calculate the greatest common divisor of 12 and z.
12
Let h be (1/(7/8))/((-506)/(-139909)). What is the greatest common divisor of h and 1343?
79
Suppose 5*h + 4*c - 71 = -0*c, 3*h + 2*c = 41. Let r be ((-42)/(-4))/((-58)/16 + 4). Suppose -t - 17 = -r. Calculate the greatest common divisor of t and h.
11
Let b(a) = a**3 + 19*a**2 + 44*a + 119. Let l be b(23). What is the highest common divisor of l and 129?
129
Suppose 7*f = 6*f + 5. Let a be (4 + f)/(780/256 - 3). Suppose -3*m + a = 66. What is the highest common divisor of 336 and m?
42
Suppose 114*w + 70 = 124*w. Suppose -4023 = -3*f + 3*t - 1347, 5*t = -2*f + 1812. What is the greatest common factor of f and w?
7
Suppose 0*m = 5*m - 330. Suppose 368 = 22*g + 104. Suppose 7095 = 55*j - g*j. What is the greatest common factor of m and j?
33
Suppose -15*d + 400 = 355. What is the greatest common divisor of d and 1443?
3
Let m = -862 - -898. Suppose 10*g - 184 = -m*g. Calculate the highest common divisor of 6 and g.
2
Let m(b) = -42*b - 264. Let p be m(-14). Let l(z) = z**2 + 16*z - 5. Let q be l(-17). What is the highest common divisor of q and p?
12
Let z = -1389 + 1693. What is the greatest common factor of z and 10184?
152
Suppose -17*v + 2*o = -18*v + 2, o = -5*v + 19. Calculate the greatest common divisor of v and 48.
4
Let l(f) = 21*f + 61 - 84 + 42*f. Let b be l(9). Calculate the greatest common factor of b and 34.
34
Let f(r) = r**3 + 5*r**2 - 4*r - 1. Let i be f(-6). Suppose -12*n + 11 = -649. Let z = i + n. What is the highest common divisor of 28 and z?
14
Let x be ((-42)/(-28))/(6/(-16)) - 261. Let z = x - -365. What is the greatest common factor of z and 25?
25
Suppose -4*o = 34 - 10, -5*o = c - 102. Calculate the greatest common divisor of 55 and c.
11
Let q = 3956 - 3932. Calculate the greatest common divisor of q and 1668.
12
Let o = 22268 - 21906. What is the greatest common divisor of o and 34571?
181
Suppose -3*p - 9 - 9 = -3*s, -3*p + 2*s = 14. Let o(h) = -h - 1. Let f be o(-2). Let c be (p - f)/(0 - 1). What is the highest common divisor of 39 and c?
3
Let h be (-13)/(-143) - (15 + 1610/(-77)). Suppose -5*i - 2302 = -3*s - 6136, 2*i = -2*s + 1540. What is the highest common factor of h and i?
6
Let n(h) = -117*h - 219. Let t be n(-3). Calculate the highest common factor of t and 429.
33
Let s be (11 - -11)*(-889)/(-14). Calculate the highest common factor of 508 and s.
127
Suppose 0 = -10*w - 9*w + 19741. Let o = -1037 + w. Let h be 1 + 1 + -2 - -32. What is the highest common factor of o and h?
2
Suppose 0 = -4*x + 3 + 13. Suppose x*k + 0*s - s + 1964 = 0, 5*s - 510 = k. Let v be (-14)/63 + k/(-18). Calculate the greatest common divisor of v and 243.
27
Let f(i) = 26*i**2 + 3*i + 2. Let w be (-8)/(-18)*(-108)/(-24). Let z be f(w). Calculate the greatest common factor of z and 7.
7
Let g(l) = 41*l**2 - 203*l - 3. Let a be g(5). Suppose 0 = -a*y - 11*y + 72. Let h = -52 - -116. What is the highest common factor of h and y?
4
Suppose 8708*l - 24 = 8704*l. Let r be 8/(-12)*2655/(-6). Suppose r = 3*s + 61. What is the highest common factor of l and s?
6
Let d be (-60696)/(-1215) + 8/180. Calculate the highest common divisor of d and 17200.
50
Let z be (-125)/25 + (2 - (-5 - -1)) - 0. What is the highest common divisor of 173 and z?
1
Let i(s) = -s**3 + 11*s**2 + 16*s + 8. Let f be (2 - -2*4/8)*4. Let l be i(f). Suppose 5*t + l = 12*t. Calculate the highest common factor of 16 and t.
8
Suppose 0 = 821*s - 823*s + 10. Suppose 0 = -s*u - 3*m + 248, -5*u = -m + 6*m - 240. Calculate the highest common factor of u and 20.
4
Suppose 0 = -5*n + 5*m + 279 + 256, -m = -3*n + 315. Calculate the highest common divisor of 104 and n.
104
Suppose 3*k + 5*t + 5 = 0, 5*k + 9 = -4*t + 31. Let m = 19 + -9. What is the highest common factor of m and k?
10
Suppose 487 = 39*s - 2438. Calculate the greatest common divisor of s and 44250.
75
Suppose -80*w + 42 = -77*w. Suppose w*n = 764 - 8. What is the highest common factor of n and 189?
27
Let z(f) be the third derivative of -f**6/40 + f**5/60 + f**4/6 + 7*f**3/3 + 4*f**2 - 20*f. Let q be z(-3). Calculate the greatest common factor of q and 23.
23
Let f = 7391 - 7013. Calculate the highest common divisor of f and 108.
54
Suppose -39 = -5*z - 3*m, 5*m = 111*z - 109*z - 59. What is the highest common divisor of 1263 and z?
3
Let r(q) = -2*q**3 - 15*q**2 - 34*q - 47. Let x be r(-14). Calculate the greatest common divisor of x and 39.
13
Suppose -26*c + 138572 = 66*c + 6*c. What is the greatest common divisor of c and 14?
14
Let s = -1692 + 1882. Calculate the greatest common divisor of 1045 and s.
95
Let n be 212/(4/(-15)*30/(-40)). Calculate the greatest common factor of 20 and n.
20
Let w(q) = 23*q + 5. Suppose 5*x - 2*j + 1 = 2*x, 0 = -4*x + 4*j + 4. Let y be w(x). Let l = 73 + y. What is the highest common factor of 3 and l?
3
Let d = 175 - 165. Suppose -5*l - 2*m - 12 = -131, -4*m + 38 = 2*l. What is the highest common divisor of l and d?
5
Let a = 176 - 171. Let h = 82 + -74. Suppose 